.
68
What is the highest common factor of 2408 and 119990640?
2408
What is the highest common divisor of 683 and 2999053?
683
What is the highest common divisor of 8370 and 39928?
62
What is the greatest common factor of 1841228 and 16365478?
8938
What is the highest common divisor of 258 and 22686413?
43
Calculate the greatest common factor of 256419608 and 808.
808
Calculate the highest common factor of 13310 and 119396750.
1210
Calculate the highest common factor of 1332322 and 11221.
229
What is the highest common factor of 486 and 288079821?
81
What is the highest common divisor of 336 and 1258224?
48
What is the highest common factor of 3 and 14688234?
3
Calculate the highest common divisor of 388 and 5314436.
388
Calculate the greatest common factor of 27279 and 23344762.
3031
What is the highest common factor of 3436726 and 450906?
674
Calculate the greatest common divisor of 662280 and 1320.
120
Calculate the highest common divisor of 38272 and 1390948.
1196
Calculate the highest common divisor of 6466 and 177083.
61
What is the highest common factor of 126093 and 48411?
33
Calculate the greatest common factor of 684018 and 357750.
2862
Calculate the greatest common factor of 6 and 6228039.
3
Calculate the highest common factor of 1058 and 36375098.
1058
What is the highest common divisor of 5752700 and 400?
100
Calculate the highest common factor of 1143 and 13737844.
127
Calculate the highest common divisor of 26050384 and 16.
16
Calculate the greatest common factor of 579818 and 13534.
134
Calculate the highest common factor of 90882 and 293029.
187
Calculate the greatest common divisor of 50 and 383714075.
25
Calculate the greatest common factor of 332298412 and 20.
4
Calculate the greatest common divisor of 321002899 and 7210.
721
What is the highest common factor of 461734 and 16340?
86
Calculate the greatest common divisor of 2487690 and 180.
90
Calculate the greatest common factor of 59844156 and 8676.
2892
What is the highest common factor of 198 and 11386287?
99
What is the greatest common divisor of 41629 and 8113?
133
What is the greatest common factor of 6801136 and 208?
16
What is the highest common divisor of 256164 and 3192?
12
Calculate the greatest common factor of 75174382 and 865.
173
Calculate the highest common factor of 16662 and 10878.
6
What is the greatest common divisor of 2664 and 785066?
74
Calculate the highest common factor of 8383107 and 134.
67
What is the highest common factor of 1828265 and 1054215?
685
Calculate the highest common factor of 2479162 and 1708.
854
What is the highest common factor of 26668006 and 2199?
733
Calculate the highest common factor of 3 and 315732129.
3
What is the highest common factor of 263170424 and 66?
22
Calculate the highest common divisor of 305105603 and 253.
253
What is the greatest common factor of 3478111 and 273?
91
Calculate the highest common divisor of 115668 and 15887214.
2142
What is the greatest common divisor of 164604861 and 63?
9
What is the highest common divisor of 1328 and 5300528?
16
What is the greatest common divisor of 1404 and 7508808?
108
Calculate the greatest common factor of 6468 and 21912660.
924
What is the highest common divisor of 601658375 and 125?
125
What is the greatest common divisor of 1186 and 476393666?
1186
What is the highest common divisor of 4608331 and 356?
89
What is the highest common divisor of 2346 and 42113?
23
What is the highest common factor of 273947420 and 466?
466
Calculate the greatest common divisor of 130 and 33609790.
10
What is the highest common divisor of 1693117560 and 120?
120
Calculate the highest common divisor of 211387 and 1098196.
121
What is the highest common divisor of 93 and 114848273?
31
What is the highest common divisor of 3875680 and 15520?
160
Calculate the highest common divisor of 397750 and 228975.
1075
Calculate the highest common factor of 73787 and 4445.
889
Calculate the greatest common divisor of 8 and 409346888.
8
Calculate the highest common divisor of 684 and 4292138.
38
What is the greatest common divisor of 250 and 285168550?
50
What is the highest common divisor of 239836 and 544?
68
What is the greatest common divisor of 884407193 and 19?
19
Calculate the greatest common divisor of 3283 and 287363.
67
What is the greatest common factor of 19796355 and 180?
45
Calculate the greatest common factor of 3172 and 62556.
52
What is the greatest common factor of 644832 and 2400?
96
Calculate the highest common divisor of 1341495 and 23012.
523
Calculate the highest common factor of 22580579 and 1533.
511
What is the greatest common factor of 1488 and 1334271?
93
Calculate the highest common factor of 358753266 and 18.
18
Calculate the highest common factor of 5158265737 and 8453.
8453
What is the greatest common factor of 76923 and 3192?
21
Calculate the greatest common divisor of 4624 and 1400181880.
2312
Calculate the highest common divisor of 76 and 53179184.
4
What is the highest common divisor of 396916 and 6773?
13
What is the highest common factor of 19978700 and 19300?
100
What is the greatest common factor of 980940 and 3860?
20
What is the highest common divisor of 375504 and 3750?
6
What is the highest common divisor of 12045 and 100155?
165
What is the highest common divisor of 40038964 and 356?
356
Calculate the highest common factor of 132683289 and 171.
57
What is the greatest common factor of 14739 and 228599?
289
What is the greatest common factor of 1947 and 2649513?
177
What is the highest common divisor of 475228981 and 9518?
4759
Calculate the highest common factor of 155452 and 28556.
44
What is the highest common factor of 1172160 and 534160?
880
Calculate the greatest common divisor of 64024 and 2066152.
424
Calculate the highest common divisor of 295274 and 52276.
14
Calculate the greatest common divisor of 456 and 2244014.
38
What is the highest common divisor of 35 and 543981410?
35
What is the highest common divisor of 9435 and 27375?
15
What is the greatest common divisor of 4 and 255598948?
4
Calculate the highest common divisor of 9678127 and 91109.
2939
What is the highest common divisor of 24 and 277943244?
12
Calculate the highest common divisor of 12 and 2867253.
3
Calculate the highest common factor of 393 and 901743.
3
Calculate the greatest common factor of 23647 and 1071.
17
What is the highest common divisor of 203711567 and 213?
71
What is the highest common divisor of 4315 and 7195?
5
What is the greatest common divisor of 34 and 814265966?
34
Calculate the greatest common divisor of 38225 and 429249375.
3475
What is the greatest common divisor of 39295983 and 69?
69
What is the greatest common divisor of 2984 and 151784?
8
What is the highest common divisor of 124 and 24454?
2
Calculate the greatest common factor of 504 and 31466034.
18
What is the greatest common factor of 255528923 and 13?
13
What is the highest common divisor of 315 and 476374920?
105
Calculate the highest common divisor of 520 and 16057860.
260
Calculate the highest common factor of 137995 and 5250179.
2123
Calculate the highest common divisor of 2886893 and 2985.
199
Calculate the highest common divisor of 7449 and 3238859.
13
What is the highest common factor of 442 and 13008684?
26
Calculate the highest common factor of 15141 and 223293.
147
Calculate the greatest common divisor of 1568 and 247436.
28
What is the highest common divisor of 98698418 and 1274?
182
Calculate the highest common factor of 14222196 and 216.
108
What is the greatest common factor of 344958092 and 41?
41
Calculate the greatest common factor of 26001025 and 2881.
2881
Calculate the highest common factor of 44340 and 378.
6
Calculate the greatest common divisor of 565 and 51463590.
565
Calculate the greatest common divisor of 123 and 362332416.
123
What is the highest common divisor of 537376 and 24?
8
What is the greatest common factor of 18957213 and 102573?
783
What is the greatest common divisor of 3 and 320721?
3
Calculate the highest common divisor of 279 and 55103833.
31
Calculate the highest common divisor of 1302 and 41053362.
1302
What is the highest common factor of 1561 and 14003731?
1561
Calculate the greatest common divisor of 75847887 and 189.
27
Calculate the greatest common 